 prime factors of 38874?
2, 3, 11, 19, 31
List the prime factors of 666.
2, 3, 37
List the prime factors of 30076.
2, 73, 103
What are the prime factors of 12984?
2, 3, 541
List the prime factors of 32081.
7, 4583
What are the prime factors of 10171?
7, 1453
List the prime factors of 229.
229
List the prime factors of 35771.
35771
What are the prime factors of 31294?
2, 15647
List the prime factors of 1863.
3, 23
What are the prime factors of 502?
2, 251
List the prime factors of 1249.
1249
What are the prime factors of 41401?
19, 2179
List the prime factors of 56056.
2, 7, 11, 13
What are the prime factors of 711?
3, 79
What are the prime factors of 3122?
2, 7, 223
List the prime factors of 72611.
7, 11, 23, 41
What are the prime factors of 5543?
23, 241
List the prime factors of 23424.
2, 3, 61
What are the prime factors of 4716?
2, 3, 131
List the prime factors of 55082.
2, 27541
What are the prime factors of 3399?
3, 11, 103
What are the prime factors of 2852?
2, 23, 31
List the prime factors of 1576.
2, 197
List the prime factors of 1613.
1613
List the prime factors of 11886.
2, 3, 7, 283
List the prime factors of 1712.
2, 107
What are the prime factors of 4409?
4409
What are the prime factors of 1299?
3, 433
What are the prime factors of 9329?
19, 491
List the prime factors of 148356.
2, 3, 13, 317
What are the prime factors of 1483?
1483
What are the prime factors of 1207?
17, 71
What are the prime factors of 2842?
2, 7, 29
What are the prime factors of 6459?
3, 2153
List the prime factors of 4638.
2, 3, 773
What are the prime factors of 5980?
2, 5, 13, 23
List the prime factors of 946.
2, 11, 43
List the prime factors of 9170.
2, 5, 7, 131
What are the prime factors of 6187?
23, 269
List the prime factors of 17840.
2, 5, 223
What are the prime factors of 38456?
2, 11, 19, 23
What are the prime factors of 153402?
2, 3, 37, 691
What are the prime factors of 4852?
2, 1213
What are the prime factors of 958?
2, 479
What are the prime factors of 29785?
5, 7, 23, 37
List the prime factors of 121.
11
What are the prime factors of 114915?
3, 5, 47, 163
List the prime factors of 181420.
2, 5, 47, 193
List the prime factors of 4536.
2, 3, 7
What are the prime factors of 4560?
2, 3, 5, 19
What are the prime factors of 535?
5, 107
List the prime factors of 2117.
29, 73
What are the prime factors of 4395?
3, 5, 293
What are the prime factors of 5030?
2, 5, 503
List the prime factors of 7320.
2, 3, 5, 61
What are the prime factors of 979?
11, 89
What are the prime factors of 661?
661
What are the prime factors of 2830?
2, 5, 283
What are the prime factors of 37775?
5, 1511
List the prime factors of 33085.
5, 13, 509
List the prime factors of 12436.
2, 3109
List the prime factors of 1349.
19, 71
List the prime factors of 794.
2, 397
What are the prime factors of 27368?
2, 11, 311
List the prime factors of 1250.
2, 5
List the prime factors of 2075.
5, 83
What are the prime factors of 19758?
2, 3, 37, 89
What are the prime factors of 2680?
2, 5, 67
What are the prime factors of 900?
2, 3, 5
List the prime factors of 15911.
7, 2273
List the prime factors of 4706.
2, 13, 181
List the prime factors of 147279.
3, 11, 4463
List the prime factors of 49888.
2, 1559
What are the prime factors of 43556?
2, 10889
What are the prime factors of 29139?
3, 11, 883
List the prime factors of 23220.
2, 3, 5, 43
What are the prime factors of 19300?
2, 5, 193
What are the prime factors of 68606?
2, 34303
What are the prime factors of 369?
3, 41
List the prime factors of 44710.
2, 5, 17, 263
List the prime factors of 1002.
2, 3, 167
What are the prime factors of 18769?
137
What are the prime factors of 623?
7, 89
What are the prime factors of 35023?
35023
List the prime factors of 3001.
3001
List the prime factors of 54374.
2, 31, 877
What are the prime factors of 83641?
83641
List the prime factors of 1386.
2, 3, 7, 11
What are the prime factors of 4375?
5, 7
What are the prime factors of 30764?
2, 7691
What are the prime factors of 2092?
2, 523
What are the prime factors of 140?
2, 5, 7
What are the prime factors of 16683?
3, 67, 83
What are the prime factors of 80259?
3, 31, 863
List the prime factors of 25398.
2, 3, 17, 83
What are the prime factors of 1817?
23, 79
What are the prime factors of 14208?
2, 3, 37
What are the prime factors of 3005?
5, 601
List the prime factors of 57334.
2, 109, 263
List the prime factors of 685.
5, 137
What are the prime factors of 495?
3, 5, 11
What are the prime factors of 1978?
2, 23, 43
List the prime factors of 55886.
2, 27943
List the prime factors of 98653.
47, 2099
List the prime factors of 1026.
2, 3, 19
What are the prime factors of 762?
2, 3, 127
What are the prime factors of 44085?
3, 5, 2939
What are the prime factors of 17840?
2, 5, 223
List the prime factors of 637.
7, 13
List the prime factors of 5083.
13, 17, 23
What are the prime factors of 11939?
11939
List the prime factors of 906.
2, 3, 151
What are the prime factors of 1482?
2, 3, 13, 19
List the prime factors of 224.
2, 7
What are the prime factors of 2215?
5, 443
List the prime factors of 42897.
3, 79, 181
What are the prime factors of 1042?
2, 521
What are the prime factors of 273?
3, 7, 13
What are the prime factors of 1468?
2, 367
What are the prime factors of 74557?
7, 10651
List the prime factors of 64001.
7, 41, 223
List the prime factors of 9679.
9679
List the prime factors of 82485.
3, 5, 13, 47
List the prime factors of 6947.
6947
List the prime factors of 208.
2, 13
List the prime factors of 13991.
17, 823
What are the prime factors of 29784?
2, 3, 17, 73
What are the prime factors of 1627?
1627
What are the prime factors of 6747?
3, 13, 173
List the prime factors of 237.
3, 79
List the prime factors of 836.
2, 11, 19
What are the prime factors of 17215?
5, 11, 313
List the prime factors of 106937.
106937
What are the prime factors of 61300?
2, 5, 613
List the prime factors of 27251.
7, 17, 229
What are the prime factors of 1566?
2, 3, 29
List the prime factors of 4936.
2, 617
List the prime factors of 2672.
2, 167
What are the prime factors of 2840?
2, 5, 71
List the prime factors of 1121.
19, 59
List the prime factors of 87470.
2, 5, 8747
What are the prime factors of 4571?
7, 653
What are the prime factors of 70960?
2, 5, 887
What are the prime factors of 2464?
2, 7, 11
List the prime factors of 10185.
3, 5, 7, 97
List the prime factors of 175.
5, 7
List the prime factors of 3178.
2, 7, 227
List the prime factors of 66366.
2, 3, 1229
What are the prime factors of 512?
2
List the prime factors of 101076.
2, 3, 8423
What are the prime factors of 649?
11, 59
What are the prime factors of 2302?
2, 1151
List the prime factors of 839.
839
List the prime factors of 312.
2, 3, 13
List the prime factors of 6636.
2, 3, 7, 79
List the prime factors of 636.
2, 3, 53
List the prime factors of 3561.
3, 1187
List the prime factors of 2214.
2, 3, 41
What are the prime factors of 1484?
2, 7, 53
What are the prime factors of 7492?
2, 1873
List the prime factors of 31343.
13, 2411
What are the prime factors of 335?
5, 67
List the prime factors of 17147.
13, 1319
List the prime factors of 69706.
2, 7, 13, 383
What are the prime factors of 5601?
3, 1867
What are the prime factors of 162203?
19, 8537
List the prime factors of 27315.
3, 5, 607
What are the prime factors of 13618?
2, 11, 619
List the prime factors of 23946.
2, 3, 13, 307
List the prime factors of 1383.
3, 461
What are the prime factors of 97690?
2, 5, 9769
List the prime factors of 2727.
3, 101
What are the prime factors of 2357?
2357
What are the prime factors of 34515?
3, 5, 13, 59
What are the prime factors of 45572?
2, 11393
What are the prime factors of 163?
163
What are the prime factors of 390?
2, 3, 5, 13
What are the prime factors of 43038?
2, 3, 797
List the prime factors of 48290.
2, 5, 11, 439
List the prime factors of 26621.
7, 3803
What are the prime factors of 34815?
3, 5, 11, 211
List the prime factors of 97552.
2, 7, 13, 67
List the prime factors of 288.
2, 3
What are the prime factors of 11059?
11059
List the prime factors of 2957.
2957
What are the prime factors of 1064?
2, 7, 19
List the prime factors of 1863.
3, 23
What are the prime factors of 55700?
2, 5, 557
List the prime factor